factors of z(-3).
29
List the prime factors of 222/18 - 2/6.
2, 3
Let l be (-112)/(-12) - 1/3. Let g = 0 - l. List the prime factors of g/15 - 99/(-15).
2, 3
Let v(w) = -w**3 + 10*w**2 + 2*w + 9. Let f be v(9). What are the prime factors of 4/3*f/6?
2, 3
Let h be 21/(-9) + (-1)/(-3). Let p be h + (2 - -6) + -2. Suppose -p*l = -2*l - 8. What are the prime factors of l?
2
Suppose -4*x - 103 = 3*d, -2*d + 2*x = -5*d - 113. Let f = -16 - d. List the prime factors of f.
5
Let y(g) = g + 7. Let k be 21/(-3)*(1 - 0). Let u be y(k). Let j(x) = -x**3 - x**2 + x + 3. What are the prime factors of j(u)?
3
Suppose 4*g = -4*y + 92, 5*y = -2*g + 2*y + 51. Suppose 4*f - g = 6. List the prime factors of (f + -5)*(-13)/(-1).
13
Let x = 1 - -5. Suppose i + 3*f + 2 + 2 = 0, 3*f = -6. Suppose i*s = x*s - 36. What are the prime factors of s?
3
Let q be (0/1)/(5 - 4). Suppose -2*o + 3*n + 19 + 11 = q, 2*o - n = 26. List the prime factors of o.
2, 3
Suppose 0*t + 6 = 3*t. Suppose 0 = -t*m + 4*m + 6. Let q = 2 - m. What are the prime factors of q?
5
Let x(g) = -g**3 + g + 69. Let s be x(0). Suppose 4*l - s = l. List the prime factors of l.
23
Suppose 12 = z + 3*z. Suppose 0*g - g - 35 = -3*l, -z*l - 4*g + 10 = 0. Suppose 3*h = 5*b + 40, 2*h - l = -0*b - 5*b. What are the prime factors of h?
2, 5
Suppose -1 = 3*d - 4. Let r(c) = c**2 + 2*c - 1. Let m be r(d). Let n = 9 + m. What are the prime factors of n?
11
Let d(u) = u**3 + 7*u**2 + 5*u + 8. Let k be d(-6). Suppose 0*j = -2*j + k. What are the prime factors of j?
7
Suppose -9*l + 121 = -662. What are the prime factors of l?
3, 29
Suppose -n = -0*n - 4*f - 10, 4*n + 5*f = -2. Suppose n*o - 3*o = 0. Suppose -r - 3*x = -o*x - 3, 4*r + 2*x = 42. What are the prime factors of r?
2, 3
Suppose 44 = 2*m + 8. List the prime factors of m.
2, 3
Suppose -5*j = -0*i + i - 24, 0 = -4*i + 5*j + 71. What are the prime factors of i?
19
Let w be (48/(-60))/(2/5). What are the prime factors of -3 - w - -1*11?
2, 5
Let c(b) = -b**2 - 11*b - 11. Let h be c(-8). Let o = h - 6. What are the prime factors of o?
7
Let a(h) = -7*h - 2. Suppose -3*f + 5*g = f + 21, -9 = -4*f - g. Let p be 1 - f - (5 - 3). List the prime factors of a(p).
2, 3
Let n = 73 + 12. List the prime factors of n.
5, 17
Let z(f) = 6*f**2 + 14*f. List the prime factors of z(-7).
2, 7
Suppose 2 = 4*g - 6. What are the prime factors of g?
2
What are the prime factors of (-1 - 3)*1541/(-46)?
2, 67
Let c(b) = 4*b**2 - b - 1. Let t(i) = i + 4. Let s be t(-5). List the prime factors of c(s).
2
Let v be (-2 - 1)/(-3) - -3. List the prime factors of 8/(-6)*(-30)/v.
2, 5
Let o = 16 - 8. Let f = o - -1. What are the prime factors of f?
3
Suppose -3*p = 9 - 39. Let q = -5 + p. What are the prime factors of q?
5
Suppose -1 = 2*z - v, 3*z + 6 - 4 = v. Let y(x) = -x**2 - x. Let o be y(z). Let t = o + 4. List the prime factors of t.
2
Suppose 57 = 4*x - 19. Suppose -d = 2*j - 20 - x, -3*d = -4*j + 73. List the prime factors of j.
19
Let v = 4 - -1. Suppose r + x = 55, 207 + 77 = 5*r - 4*x. Suppose -3*p + 43 = -j, r = 4*p - v*j + 17. What are the prime factors of p?
2
Let f = 9 + -5. Suppose z + 3*r - 1 = -5, 3*r = -5*z + f. List the prime factors of (-1)/z - (-11)/2.
5
Let v = -9 - -13. List the prime factors of v.
2
Let t = -8 - -51. Let g = -22 + t. List the prime factors of g.
3, 7
Let a be ((-180)/(-8))/((-6)/(-8)). Let i = a + -28. What are the prime factors of i?
2
Let i = -136 + 203. List the prime factors of i.
67
Suppose -3*n + 10 = -29. Suppose o = 6*o + 35. Let b = o + n. List the prime factors of b.
2, 3
Let b be -2 - 3/3*-4. Suppose 0 = z - 5*x - 32, -5*x = b*z - 22 + 3. What are the prime factors of z?
17
Let r(j) be the first derivative of -j**4/4 + 5*j**3/3 + j**2 - 6*j - 1. Suppose 5*c - 25 = -0*c. List the prime factors of r(c).
2
Let c(i) = i**3 + 6*i**2 - i - 2. Let a be c(-6). Let w = -13 + 21. Let z = w - a. List the prime factors of z.
2
Let l = -8 - -12. Suppose -l*a - q = -63, -a + 10 = -3*q + 4. Let r = 26 - a. What are the prime factors of r?
11
Let f(s) be the first derivative of -s**2/2 - 10*s + 1. Let b be f(-5). Let j = 13 + b. What are the prime factors of j?
2
Let w(y) = 2*y**3 - 13*y**2 + y + 6. List the prime factors of w(7).
2, 31
Let h be (5/2 - 3)*4. Suppose 2*l - 1 = -3. List the prime factors of (l + 7)/((-2)/h).
2, 3
Suppose -20 = -5*q - 5. Suppose 6*a + 6 = -2*u + 3*a, q*u - 4*a = -9. Let b(y) = -y**2 - 8*y - 4. What are the prime factors of b(u)?
11
Let y = -1 - -2. List the prime factors of (5 - (y + 2)) + 3.
5
Let y be 1 + (1 - 9) + 0. Let n = 0 - y. What are the prime factors of n?
7
Suppose 709 + 479 = 12*t. List the prime factors of t.
3, 11
Let l(n) = 3*n - 1. Let s be l(-2). Let r(x) = 23 - 4*x - 64 + 31. List the prime factors of r(s).
2, 3
Let p be (-2)/((-6)/(-8) - 1). Let d(v) = -v**2 + 13*v - 10. List the prime factors of d(p).
2, 3, 5
Let l(b) = 2*b + 5. Let n(o) = -2*o - 5. Let j(p) = 2*l(p) + 3*n(p). What are the prime factors of j(-7)?
3
Let v(z) = -z**3 + 7*z + 5. Let u be v(-5). Suppose 0 = 4*d + d - u. List the prime factors of d.
19
Let r(k) = -37*k - 12. Let f be r(-6). What are the prime factors of (4/10)/(2/f)?
2, 3, 7
Let f = -3 + 5. Suppose f*c - 24 = 12. What are the prime factors of c?
2, 3
Suppose 28*z = 25*z + 27. List the prime factors of z.
3
Let y = 8 - -42. List the prime factors of y.
2, 5
Let g = 84 + -28. List the prime factors of g.
2, 7
Let o(u) = 41*u + 24. List the prime factors of o(3).
3, 7
Let y(d) = -5*d + 3 - 4 + 2*d. Suppose 12 = -7*l + l. What are the prime factors of y(l)?
5
Suppose -2*d + 0*d = -10. Suppose 3*j = 4*p - 134, -2*j - j = d*p - 154. List the prime factors of p.
2
Let m(z) = -z**3 + 9*z**2 - 2*z - 6. List the prime factors of m(8).
2, 3, 7
Let m be (-23)/(-4) - 6/8. Suppose 2*o = 5*j - j - 68, -m*j + 2*o + 83 = 0. List the prime factors of j.
3, 5
Suppose -3*z = 5*a - 6*z - 398, 3*a - 2*z - 238 = 0. List the prime factors of a.
2, 41
Suppose 0 = d + d - 4*j - 470, -2*d + j = -485. What are the prime factors of d?
5, 7
Suppose 0 = 5*z - o - 20, 3*o - 33 = -2*z - 8. Let i = 29 - 25. Suppose 0 = 5*d + w - 11, z*d + 2*w - i = d. What are the prime factors of d?
3
Let k(h) = h**3 + 4*h**2 - 2*h + 1. Let t(a) = a**3 + 6*a**2 + 5*a + 4. Let q be t(-5). Suppose 0 = o - 0*o + q. List the prime factors of k(o).
3
Let t(u) = -9*u - 3. What are the prime factors of t(-4)?
3, 11
Suppose -70*a + 74*a = 1168. List the prime factors of a.
2, 73
What are the prime factors of -3 - (-6)/(-4)*-18?
2, 3
Suppose -4*m = m. Suppose m = 3*y - 8*y - 200. List the prime factors of 6/(-4)*y/6.
2, 5
Let i(z) = 4*z + 5. Let y(u) = -u + 1. Let o(q) = i(q) + y(q). Let w be o(-6). Let d = 24 + w. What are the prime factors of d?
2, 3
Let y = -6 - -3. Let n be y/(9/6 - 0). What are the prime factors of -3 - (n/2 - 24)?
2, 11
Let s(k) = -5*k + 4*k + 2 + 2 - 3. Let x be s(-2). Suppose 34 = x*d + 4*m, -2*d + 2*m + 16 = 6*m. List the prime factors of d.
2, 3
Suppose 4*o + 5*f = -4, 3*f = -2*o + o + 6. Let a(l) = 6 + 7*l**2 + 3*l**3 - 6*l**3 + 4*l**3 + 6*l. What are the prime factors of a(o)?
2, 3
Suppose 0 = -8*r + 1577 + 319. List the prime factors of r.
3, 79
Let p(x) = -x**3 + x**2 + 11*x + 18. List the prime factors of p(-7).
3, 37
Suppose -2*d + 101 + 195 = 0. What are the prime factors of d?
2, 37
What are the prime factors of -9*(-9)/((-27)/(-14))?
2, 3, 7
Suppose 0*a + 624 = 4*s + 3*a, s = 3*a + 156. Suppose 0 = -5*t - h + s, -5*t + t = -4*h - 144. Let q = t + -16. What are the prime factors of q?
2
Let b be (-2)/9 + 244/(-36). Let v(a) = a + 11. List the prime factors of v(b).
2
Suppose 0 = -5*w + 3 + 2. Suppose 6*c + w = 5*c. List the prime factors of (-14)/(c*(2 + 0)).
7
Suppose n = r + 21, -4*n - 4*r + 8 = -36. What are the prime factors of n?
2
Suppose -7*g + 334 + 1192 = 0. List the prime factors of g.
2, 109
Suppose 3*d - 141 = d + 3*l, 0 = 4*d - l - 307. What are the prime factors of d?
2, 3, 13
Suppose 5*r = 4*r + 15. What are the prime factors of r?
3, 5
Let z(r) = r + 14. Suppose u + 8 = 2. List the prime factors of z(u).
2
List the prime factors of 4/18 + 3245/99.
3, 11
Suppose 0*y = -y + 6. Let p = 27 - y. Let j = p + -14. What are the prime factors of j?
7
Suppose -1204 = -3*j - 334. What are 